{"id":33,"date":"2016-02-09T03:38:01","date_gmt":"2016-02-09T03:38:01","guid":{"rendered":"https:\/\/vtecnologia.cl\/?page_id=33"},"modified":"2019-10-31T17:34:16","modified_gmt":"2019-10-31T20:34:16","slug":"productos","status":"publish","type":"page","link":"https:\/\/vtecnologia.cl\/?page_id=33","title":{"rendered":"Productos"},"content":{"rendered":"<h1><img loading=\"lazy\" class=\"aligncenter size-thumbnail wp-image-751\" src=\"https:\/\/vtecnologia.cl\/wp-content\/uploads\/2019\/10\/vtecnologia-1-150x150.png\" alt=\"\" width=\"150\" height=\"150\" srcset=\"https:\/\/vtecnologia.cl\/wp-content\/uploads\/2019\/10\/vtecnologia-1-150x150.png 150w, https:\/\/vtecnologia.cl\/wp-content\/uploads\/2019\/10\/vtecnologia-1-144x144.png 144w, https:\/\/vtecnologia.cl\/wp-content\/uploads\/2019\/10\/vtecnologia-1-100x100.png 100w\" sizes=\"(max-width: 150px) 100vw, 150px\" \/><\/h1>\n<figure id=\"attachment_161\" aria-describedby=\"caption-attachment-161\" style=\"width: 150px\" class=\"wp-caption alignleft\"><img loading=\"lazy\" class=\"size-thumbnail wp-image-161\" src=\"https:\/\/vtecnologia.cl\/wp-content\/uploads\/2016\/02\/Impresora-termica-150x150.jpg\" alt=\"Impresora termica\" width=\"150\" height=\"150\" srcset=\"https:\/\/vtecnologia.cl\/wp-content\/uploads\/2016\/02\/Impresora-termica-150x150.jpg 150w, https:\/\/vtecnologia.cl\/wp-content\/uploads\/2016\/02\/Impresora-termica-100x100.jpg 100w, https:\/\/vtecnologia.cl\/wp-content\/uploads\/2016\/02\/Impresora-termica-144x144.jpg 144w, https:\/\/vtecnologia.cl\/wp-content\/uploads\/2016\/02\/Impresora-termica.jpg 299w\" sizes=\"(max-width: 150px) 100vw, 150px\" \/><figcaption id=\"caption-attachment-161\" class=\"wp-caption-text\">Impresora t\u00e9rmica de tickets Sewoo LK-T200 destacable por el cumplimiento de la norma Energy Star, buena velocidad y baja emisi\u00f3n de ruido, que conlleva ahorro econ\u00f3mico\/energ\u00e9tico y comodidad de uso.<\/figcaption><\/figure>\n<figure id=\"attachment_70\" aria-describedby=\"caption-attachment-70\" style=\"width: 150px\" class=\"wp-caption alignleft\"><img loading=\"lazy\" class=\"wp-image-70 size-thumbnail\" src=\"https:\/\/vtecnologia.cl\/wp-content\/uploads\/2016\/02\/foto_999-150x150.jpg\" alt=\"Stock Limitado\" width=\"150\" height=\"150\" srcset=\"https:\/\/vtecnologia.cl\/wp-content\/uploads\/2016\/02\/foto_999-150x150.jpg 150w, https:\/\/vtecnologia.cl\/wp-content\/uploads\/2016\/02\/foto_999-100x100.jpg 100w\" sizes=\"(max-width: 150px) 100vw, 150px\" \/><figcaption id=\"caption-attachment-70\" class=\"wp-caption-text\">Camara IP Exterior WIFI Robotizada HD<\/figcaption><\/figure>\n<figure id=\"attachment_68\" aria-describedby=\"caption-attachment-68\" style=\"width: 150px\" class=\"wp-caption alignleft\"><img loading=\"lazy\" class=\"size-thumbnail wp-image-68\" src=\"https:\/\/vtecnologia.cl\/wp-content\/uploads\/2016\/02\/WC5325-150x150.jpg\" alt=\"MFP\/A3\/LAS\/B-N\/RED\/USB\/iMPRiME\/COPiA\/SCAN\/DUPLEX Impresoras Re Acondicionadas y Nueva Consulte de acuerdo a sus requerimientos \" width=\"150\" height=\"150\" srcset=\"https:\/\/vtecnologia.cl\/wp-content\/uploads\/2016\/02\/WC5325-150x150.jpg 150w, https:\/\/vtecnologia.cl\/wp-content\/uploads\/2016\/02\/WC5325-100x100.jpg 100w, https:\/\/vtecnologia.cl\/wp-content\/uploads\/2016\/02\/WC5325-300x300.jpg 300w\" sizes=\"(max-width: 150px) 100vw, 150px\" \/><figcaption id=\"caption-attachment-68\" class=\"wp-caption-text\">MFP\/A3\/LAS\/B-N\/RED\/USB\/iMPRiME\/COPiA\/SCAN\/DUPLEX<br \/>Impresoras Re Acondicionadas y Nueva<br \/>Consulte de acuerdo a sus requerimientos<\/figcaption><\/figure>\n<figure id=\"attachment_37\" aria-describedby=\"caption-attachment-37\" style=\"width: 300px\" class=\"wp-caption alignnone\"><img loading=\"lazy\" class=\"wp-image-37 size-medium\" src=\"https:\/\/vtecnologia.cl\/wp-content\/uploads\/2016\/02\/camaras-300x278.jpg\" alt=\"camaras\" width=\"300\" height=\"278\" srcset=\"https:\/\/vtecnologia.cl\/wp-content\/uploads\/2016\/02\/camaras-300x278.jpg 300w, https:\/\/vtecnologia.cl\/wp-content\/uploads\/2016\/02\/camaras.jpg 640w\" sizes=\"(max-width: 300px) 100vw, 300px\" \/><figcaption id=\"caption-attachment-37\" class=\"wp-caption-text\">Camara IP Interior<\/figcaption><\/figure>\n<figure id=\"attachment_66\" aria-describedby=\"caption-attachment-66\" style=\"width: 300px\" class=\"wp-caption alignleft\"><img loading=\"lazy\" class=\"wp-image-66 size-medium\" src=\"https:\/\/vtecnologia.cl\/wp-content\/uploads\/2016\/02\/scooter-300x300.jpg\" alt=\"Scooter El\u00e9ctrico\" width=\"300\" height=\"300\" srcset=\"https:\/\/vtecnologia.cl\/wp-content\/uploads\/2016\/02\/scooter-300x300.jpg 300w, https:\/\/vtecnologia.cl\/wp-content\/uploads\/2016\/02\/scooter-150x150.jpg 150w, https:\/\/vtecnologia.cl\/wp-content\/uploads\/2016\/02\/scooter-100x100.jpg 100w, https:\/\/vtecnologia.cl\/wp-content\/uploads\/2016\/02\/scooter.jpg 361w\" sizes=\"(max-width: 300px) 100vw, 300px\" \/><figcaption id=\"caption-attachment-66\" class=\"wp-caption-text\">Scooter El\u00e9ctrico Consultamos por colores disponibles Stock Limitado<\/figcaption><\/figure>\n<figure id=\"attachment_39\" aria-describedby=\"caption-attachment-39\" style=\"width: 300px\" class=\"wp-caption alignnone\"><a href=\"https:\/\/vtecnologia.cl\/wp-content\/uploads\/2016\/02\/Doc1.docx\"><img loading=\"lazy\" class=\"wp-image-39 size-medium\" src=\"https:\/\/vtecnologia.cl\/wp-content\/uploads\/2016\/02\/CAMARAS-MAS-DVR-300x300.jpg\" alt=\"\" width=\"300\" height=\"300\" srcset=\"https:\/\/vtecnologia.cl\/wp-content\/uploads\/2016\/02\/CAMARAS-MAS-DVR-300x300.jpg 300w, https:\/\/vtecnologia.cl\/wp-content\/uploads\/2016\/02\/CAMARAS-MAS-DVR-150x150.jpg 150w, https:\/\/vtecnologia.cl\/wp-content\/uploads\/2016\/02\/CAMARAS-MAS-DVR-100x100.jpg 100w, https:\/\/vtecnologia.cl\/wp-content\/uploads\/2016\/02\/CAMARAS-MAS-DVR.jpg 384w\" sizes=\"(max-width: 300px) 100vw, 300px\" \/><\/a><figcaption id=\"caption-attachment-39\" class=\"wp-caption-text\">CAMARAS MAS DVR<\/figcaption><\/figure>\n<div class=\"wp-socializer wpsr-share-icons \" data-lg-action=\"show\" data-sm-action=\"show\" data-sm-width=\"768\" ><h3>Share and Enjoy !<\/h3><div class=\"wpsr-si-inner\"><div class=\"wpsr-counter wpsrc-sz-32px\" style=\"color:#000\"><span class=\"scount\"><span data-wpsrs=\"\" data-wpsrs-svcs=\"facebook,twitter,linkedin,pinterest,print,pdf\">0<\/span><\/span><small class=\"stext\">Shares<\/small><\/div><div class=\"socializer sr-popup sr-32px sr-circle sr-opacity sr-pad sr-count-1 sr-count-1\"><span class=\"sr-facebook\"><a rel=\"nofollow\" href=\"https:\/\/www.facebook.com\/share.php?u=\" target=\"_blank\"  title=\"Share this on Facebook\"  style=\"color: #ffffff\" ><i class=\"fab fa-facebook-f\"><\/i><span class=\"ctext\"><span data-wpsrs=\"\" data-wpsrs-svcs=\"facebook\">0<\/span><\/span><\/a><\/span>\n<span class=\"sr-twitter\"><a rel=\"nofollow\" href=\"https:\/\/twitter.com\/intent\/tweet?text=%20-%20%20\" target=\"_blank\"  title=\"Tweet this !\"  style=\"color: #ffffff\" ><i class=\"fab fa-twitter\"><\/i><\/a><\/span>\n<span class=\"sr-linkedin\"><a rel=\"nofollow\" href=\"https:\/\/www.linkedin.com\/sharing\/share-offsite\/?url=\" target=\"_blank\"  title=\"Add this to LinkedIn\"  style=\"color: #ffffff\" ><i class=\"fab fa-linkedin-in\"><\/i><\/a><\/span>\n<span class=\"sr-pinterest\"><a rel=\"nofollow\" href=\"https:\/\/www.pinterest.com\/pin\/create\/button\/?url=&amp;media=&amp;description=\" target=\"_blank\"  title=\"Submit this to Pinterest\"  style=\"color: #ffffff\" data-pin-custom=\"true\"><i class=\"fab fa-pinterest\"><\/i><span class=\"ctext\"><span data-wpsrs=\"\" data-wpsrs-svcs=\"pinterest\">0<\/span><\/span><\/a><\/span>\n<span class=\"sr-print\"><a rel=\"nofollow\" href=\"https:\/\/www.printfriendly.com\/print?url=\" target=\"_blank\"  title=\"Print this article \"  style=\"color: #ffffff\" ><i class=\"fa fa-print\"><\/i><\/a><\/span>\n<span class=\"sr-pdf\"><a rel=\"nofollow\" href=\"https:\/\/www.printfriendly.com\/print?url=\" target=\"_blank\"  title=\"Convert to PDF\"  style=\"color: #ffffff\" ><i class=\"fa fa-file-pdf\"><\/i><\/a><\/span><\/div><\/div><\/div>","protected":false},"excerpt":{"rendered":"<p>Share and Enjoy !0Shares0 0<\/p>\n","protected":false},"author":1,"featured_media":0,"parent":0,"menu_order":0,"comment_status":"closed","ping_status":"closed","template":"","meta":[],"_links":{"self":[{"href":"https:\/\/vtecnologia.cl\/index.php?rest_route=\/wp\/v2\/pages\/33"}],"collection":[{"href":"https:\/\/vtecnologia.cl\/index.php?rest_route=\/wp\/v2\/pages"}],"about":[{"href":"https:\/\/vtecnologia.cl\/index.php?rest_route=\/wp\/v2\/types\/page"}],"author":[{"embeddable":true,"href":"https:\/\/vtecnologia.cl\/index.php?rest_route=\/wp\/v2\/users\/1"}],"replies":[{"embeddable":true,"href":"https:\/\/vtecnologia.cl\/index.php?rest_route=%2Fwp%2Fv2%2Fcomments&post=33"}],"version-history":[{"count":18,"href":"https:\/\/vtecnologia.cl\/index.php?rest_route=\/wp\/v2\/pages\/33\/revisions"}],"predecessor-version":[{"id":761,"href":"https:\/\/vtecnologia.cl\/index.php?rest_route=\/wp\/v2\/pages\/33\/revisions\/761"}],"wp:attachment":[{"href":"https:\/\/vtecnologia.cl\/index.php?rest_route=%2Fwp%2Fv2%2Fmedia&parent=33"}],"curies":[{"name":"wp","href":"https:\/\/api.w.org\/{rel}","templated":true}]}}